 the prime factors of 2510136.
2, 3, 11621
What are the prime factors of 32356653?
3, 7, 23, 31, 2161
List the prime factors of 670763.
670763
List the prime factors of 10493.
7, 1499
What are the prime factors of 27491995?
5, 5498399
List the prime factors of 498606.
2, 3, 83101
List the prime factors of 499116.
2, 3, 41593
What are the prime factors of 1062054?
2, 3, 7, 8429
What are the prime factors of 209661?
3, 17, 4111
List the prime factors of 44016.
2, 3, 7, 131
List the prime factors of 5788918.
2, 43, 83, 811
List the prime factors of 77602.
2, 7, 23, 241
List the prime factors of 1432176.
2, 3, 29837
List the prime factors of 680870.
2, 5, 68087
List the prime factors of 6016766.
2, 7, 137, 3137
What are the prime factors of 286796?
2, 71699
List the prime factors of 393790.
2, 5, 53, 743
List the prime factors of 524537.
13, 157, 257
List the prime factors of 240914.
2, 163, 739
What are the prime factors of 1820567?
7, 260081
List the prime factors of 3959308.
2, 989827
What are the prime factors of 7386399?
3, 820711
What are the prime factors of 753758?
2, 263, 1433
What are the prime factors of 462862?
2, 231431
What are the prime factors of 1208626?
2, 604313
List the prime factors of 7507725.
3, 5, 100103
What are the prime factors of 3248866?
2, 811, 2003
List the prime factors of 22329352.
2, 37, 75437
List the prime factors of 5129167.
31, 165457
List the prime factors of 506458.
2, 253229
What are the prime factors of 349665?
3, 5, 23311
List the prime factors of 292642.
2, 7, 20903
List the prime factors of 2976052.
2, 571, 1303
What are the prime factors of 365010?
2, 3, 5, 23
What are the prime factors of 5455046?
2, 709, 3847
What are the prime factors of 2454854?
2, 53, 23159
What are the prime factors of 352883?
352883
What are the prime factors of 1117469?
71, 15739
List the prime factors of 121390.
2, 5, 61, 199
List the prime factors of 1148776.
2, 37, 3881
What are the prime factors of 911917?
911917
List the prime factors of 21195.
3, 5, 157
What are the prime factors of 17266320?
2, 3, 5, 23981
List the prime factors of 1533489.
3, 511163
What are the prime factors of 198173?
198173
List the prime factors of 244029.
3, 81343
List the prime factors of 2140879.
13, 164683
What are the prime factors of 746584?
2, 93323
List the prime factors of 7467368.
2, 933421
List the prime factors of 99621.
3, 11069
List the prime factors of 17689295.
5, 13, 71, 3833
List the prime factors of 66717.
3, 7, 353
What are the prime factors of 28195292?
2, 2039, 3457
List the prime factors of 667944.
2, 3, 9277
What are the prime factors of 8695573?
8695573
List the prime factors of 217957.
17, 12821
List the prime factors of 2428778.
2, 11, 53, 2083
List the prime factors of 1713730.
2, 5, 23, 7451
List the prime factors of 189049.
7, 113, 239
What are the prime factors of 2332329?
3, 59, 13177
List the prime factors of 5004672.
2, 3, 13033
List the prime factors of 493069.
19, 25951
What are the prime factors of 931820?
2, 5, 46591
List the prime factors of 15219719.
199, 76481
What are the prime factors of 508611?
3, 19, 8923
What are the prime factors of 281506?
2, 41, 3433
What are the prime factors of 6162293?
349, 17657
List the prime factors of 695968.
2, 7, 13, 239
What are the prime factors of 649382?
2, 19, 23, 743
What are the prime factors of 7065434?
2, 3532717
List the prime factors of 154038.
2, 3, 25673
What are the prime factors of 6898662?
2, 3, 43, 2971
What are the prime factors of 11335803?
3, 23, 41, 4007
What are the prime factors of 7387407?
3, 263, 3121
List the prime factors of 4334113.
7, 619159
List the prime factors of 1191805.
5, 238361
List the prime factors of 632147.
632147
List the prime factors of 397060.
2, 5, 19853
List the prime factors of 62859.
3, 23, 911
List the prime factors of 3339187.
683, 4889
What are the prime factors of 936129?
3, 312043
What are the prime factors of 15730178?
2, 1453, 5413
List the prime factors of 18804471.
3, 7, 19, 47129
List the prime factors of 25125.
3, 5, 67
List the prime factors of 3709203.
3, 73, 16937
What are the prime factors of 4137266?
2, 7, 37, 163
What are the prime factors of 210356?
2, 43, 1223
List the prime factors of 7706568.
2, 3, 107, 3001
What are the prime factors of 990978?
2, 3, 23, 43, 167
What are the prime factors of 3871576?
2, 163, 2969
List the prime factors of 113883.
3, 7, 11, 17, 29
List the prime factors of 366607.
366607
List the prime factors of 143197.
143197
What are the prime factors of 83356?
2, 7, 13, 229
What are the prime factors of 1638081?
3, 182009
List the prime factors of 175232.
2, 37
What are the prime factors of 2104154?
2, 13, 80929
List the prime factors of 303405.
3, 5, 113, 179
List the prime factors of 125684.
2, 13, 2417
List the prime factors of 376253.
37, 10169
What are the prime factors of 11955013?
7, 401, 4259
What are the prime factors of 1094451?
3, 97, 3761
What are the prime factors of 129137?
29, 61, 73
What are the prime factors of 923194?
2, 79, 5843
List the prime factors of 18783.
3, 2087
List the prime factors of 177993.
3, 19777
What are the prime factors of 4102280?
2, 5, 7, 13, 23
What are the prime factors of 842664?
2, 3, 35111
List the prime factors of 12576743.
12576743
List the prime factors of 430710.
2, 3, 5, 7, 293
List the prime factors of 1866316.
2, 466579
What are the prime factors of 92123?
17, 5419
List the prime factors of 716738.
2, 11, 32579
List the prime factors of 2937075.
3, 5, 39161
What are the prime factors of 2153545?
5, 430709
List the prime factors of 2116901.
2116901
What are the prime factors of 318791?
11, 73, 397
What are the prime factors of 8670161?
149, 58189
List the prime factors of 13120016.
2, 7, 13, 9011
List the prime factors of 6236088.
2, 3, 259837
What are the prime factors of 73158?
2, 3, 89, 137
What are the prime factors of 134309?
7, 2741
List the prime factors of 34646.
2, 17, 1019
List the prime factors of 5210357.
337, 15461
List the prime factors of 290620.
2, 5, 11, 1321
What are the prime factors of 234602?
2, 41, 2861
List the prime factors of 2377892.
2, 11, 17
What are the prime factors of 5478?
2, 3, 11, 83
What are the prime factors of 1139069?
19, 59951
What are the prime factors of 1590052?
2, 31, 12823
List the prime factors of 13398711.
3, 61, 211, 347
What are the prime factors of 6112122?
2, 3, 197, 5171
List the prime factors of 4685009.
7, 669287
What are the prime factors of 4110090?
2, 3, 5, 17, 8059
What are the prime factors of 151127?
79, 1913
List the prime factors of 8920425.
3, 5, 83, 1433
What are the prime factors of 1688372?
2, 7, 17, 3547
What are the prime factors of 465606?
2, 3, 25867
List the prime factors of 307572.
2, 3, 19, 71
What are the prime factors of 4478369?
7, 37, 17291
List the prime factors of 4537694.
2, 7, 19, 2437
What are the prime factors of 186255?
3, 5, 4139
What are the prime factors of 724325?
5, 7, 4139
List the prime factors of 2898979.
2898979
List the prime factors of 41028450.
2, 3, 5, 43, 6361
What are the prime factors of 4290557?
37, 61, 1901
List the prime factors of 295474.
2, 157, 941
What are the prime factors of 995034?
2, 3, 383, 433
List the prime factors of 2003864.
2, 463, 541
List the prime factors of 1682904.
2, 3, 70121
What are the prime factors of 2501361?
3, 30881
What are the prime factors of 832151?
832151
List the prime factors of 4719316.
2, 7, 31, 5437
What are the prime factors of 359541?
3, 7, 13, 439
What are the prime factors of 14816314?
2, 19, 389903
What are the prime factors of 213088?
2, 6659
List the prime factors of 1438914.
2, 3, 17, 14107
List the prime factors of 150369.
3, 50123
List the prime factors of 434551.
13, 33427
List the prime factors of 1260090.
2, 3, 5, 13, 359
List the prime factors of 1966066.
2, 101, 9733
List the prime factors of 3240678.
2, 3, 7, 19, 31, 131
What are the prime factors of 2767153?
23, 31, 3881
List the prime factors of 348916.
2, 19, 4591
List the prime factors of 2849495.
5, 11, 103, 503
List the prime factors of 107328.
2, 3, 13, 43
What are the prime factors of 1313607?
3, 17, 43, 599
What are the prime factors of 9052368?
2, 3, 13, 89, 163
List the prime factors of 3338341.
17, 359, 547
What are th